{"id":2850,"date":"2024-01-21T22:24:50","date_gmt":"2024-01-21T21:24:50","guid":{"rendered":"https:\/\/klos-wroc.pl\/sklep\/?post_type=product&#038;p=2850"},"modified":"2024-10-14T11:45:42","modified_gmt":"2024-10-14T09:45:42","slug":"chleb-z-samopszy-maly","status":"publish","type":"product","link":"https:\/\/klos-wroc.pl\/sklep\/produkt\/chleb-z-samopszy-maly\/","title":{"rendered":"Chleb razowy z samopszy ma\u0142y"},"content":{"rendered":"<p>Chleb razowy z samopszy 600 g, wieloziarnisty na zakwasie .<\/p>\n<p>Sk\u0142adniki :bio m\u0105ka razowa z samopszy, zakwas z samopszy, bio s\u0142onecznik, bio siemi\u0119 lniane, woda, s\u00f3l.<\/p>\n<p>Mandala Katarzyna Koncewicz<\/p>\n","protected":false},"excerpt":{"rendered":"<p>Chleb razowy z samopszy ma\u0142y<\/p>\n","protected":false},"featured_media":1888,"template":"","meta":[],"product_cat":[15],"product_tag":[37],"_links":{"self":[{"href":"https:\/\/klos-wroc.pl\/sklep\/wp-json\/wp\/v2\/product\/2850"}],"collection":[{"href":"https:\/\/klos-wroc.pl\/sklep\/wp-json\/wp\/v2\/product"}],"about":[{"href":"https:\/\/klos-wroc.pl\/sklep\/wp-json\/wp\/v2\/types\/product"}],"version-history":[{"count":4,"href":"https:\/\/klos-wroc.pl\/sklep\/wp-json\/wp\/v2\/product\/2850\/revisions"}],"predecessor-version":[{"id":3173,"href":"https:\/\/klos-wroc.pl\/sklep\/wp-json\/wp\/v2\/product\/2850\/revisions\/3173"}],"wp:featuredmedia":[{"embeddable":true,"href":"https:\/\/klos-wroc.pl\/sklep\/wp-json\/wp\/v2\/media\/1888"}],"wp:attachment":[{"href":"https:\/\/klos-wroc.pl\/sklep\/wp-json\/wp\/v2\/media?parent=2850"}],"wp:term":[{"taxonomy":"product_cat","embeddable":true,"href":"https:\/\/klos-wroc.pl\/sklep\/wp-json\/wp\/v2\/product_cat?post=2850"},{"taxonomy":"product_tag","embeddable":true,"href":"https:\/\/klos-wroc.pl\/sklep\/wp-json\/wp\/v2\/product_tag?post=2850"}],"curies":[{"name":"wp","href":"https:\/\/api.w.org\/{rel}","templated":true}]}}