{"id":2854,"date":"2024-01-21T22:31:45","date_gmt":"2024-01-21T21:31:45","guid":{"rendered":"https:\/\/klos-wroc.pl\/sklep\/?post_type=product&#038;p=2854"},"modified":"2024-06-17T16:49:53","modified_gmt":"2024-06-17T14:49:53","slug":"chleb-razowy-z-plaskurki-maly","status":"publish","type":"product","link":"https:\/\/klos-wroc.pl\/sklep\/produkt\/chleb-razowy-z-plaskurki-maly\/","title":{"rendered":"Chleb razowy z p\u0142askurki ma\u0142y"},"content":{"rendered":"<p>Chleb razowy z p\u0142askurki 600 g, wieloziarnisty na zakwasie .<\/p>\n<p>Sk\u0142adniki :bio\u00a0 m\u0105ka razowa z p\u0142askurki, zakwas z p\u0142askurki, bio s\u0142onecznik, bio siemi\u0119 lniane, woda, s\u00f3l.<\/p>\n<p>Mandala Katarzyna Koncewicz<\/p>\n","protected":false},"excerpt":{"rendered":"<p>Chleb z p\u0142askurki ma\u0142y<\/p>\n","protected":false},"featured_media":1888,"template":"","meta":[],"product_cat":[15],"product_tag":[37],"_links":{"self":[{"href":"https:\/\/klos-wroc.pl\/sklep\/wp-json\/wp\/v2\/product\/2854"}],"collection":[{"href":"https:\/\/klos-wroc.pl\/sklep\/wp-json\/wp\/v2\/product"}],"about":[{"href":"https:\/\/klos-wroc.pl\/sklep\/wp-json\/wp\/v2\/types\/product"}],"version-history":[{"count":2,"href":"https:\/\/klos-wroc.pl\/sklep\/wp-json\/wp\/v2\/product\/2854\/revisions"}],"predecessor-version":[{"id":3171,"href":"https:\/\/klos-wroc.pl\/sklep\/wp-json\/wp\/v2\/product\/2854\/revisions\/3171"}],"wp:featuredmedia":[{"embeddable":true,"href":"https:\/\/klos-wroc.pl\/sklep\/wp-json\/wp\/v2\/media\/1888"}],"wp:attachment":[{"href":"https:\/\/klos-wroc.pl\/sklep\/wp-json\/wp\/v2\/media?parent=2854"}],"wp:term":[{"taxonomy":"product_cat","embeddable":true,"href":"https:\/\/klos-wroc.pl\/sklep\/wp-json\/wp\/v2\/product_cat?post=2854"},{"taxonomy":"product_tag","embeddable":true,"href":"https:\/\/klos-wroc.pl\/sklep\/wp-json\/wp\/v2\/product_tag?post=2854"}],"curies":[{"name":"wp","href":"https:\/\/api.w.org\/{rel}","templated":true}]}}